to base 15
51
Convert -3c (base 13) to base 16.
-33
-323254 (base 6) to base 15
-7d84
What is -125132 (base 6) in base 15?
-361e
466b (base 12) to base 15
24de
What is 2212110 (base 4) in base 16?
2994
Convert 42c (base 16) to base 4.
100230
2787 (base 11) to base 3
11221111
-132 (base 6) to base 4
-320
Convert -10001001101111001 (base 2) to base 7.
-412413
Convert 1105 (base 6) to base 8.
401
Convert -13022 (base 4) to base 13.
-293
What is -13133112 (base 4) in base 6?
-354010
-3875 (base 10) to base 15
-1235
-a911 (base 14) to base 2
-111001000100011
Convert 31013132 (base 4) to base 8.
150736
2680 (base 10) to base 9
3607
9a (base 16) to base 11
130
Convert -1307 (base 8) to base 15.
-326
What is -2bb (base 14) in base 8?
-1055
Convert -2a6 (base 14) to base 15.
-25d
Convert -101111011 (base 2) to base 7.
-1051
-1336 (base 8) to base 16
-2de
-444314 (base 5) to base 7
-63302
-4130 (base 5) to base 4
-20130
Convert 430 (base 5) to base 11.
a5
Convert 4663 (base 7) to base 15.
791
-1857b (base 13) to base 8
-133754
Convert -1111011100110 (base 2) to base 8.
-17346
What is -1683 (base 14) in base 15?
-12e0
1cb3 (base 14) to base 4
1102011
-49 (base 11) to base 8
-65
What is -307 (base 12) in base 11?
-36a
Convert 3003 (base 4) to base 6.
523
What is 21a82 (base 12) in base 2?
1010111011000010
52230 (base 10) to base 13
1aa09
Convert -34402 (base 5) to base 15.
-b02
Convert -39954 (base 10) to base 3.
-2000210210
20123 (base 4) to base 8
1033
519 (base 11) to base 16
271
-22a06 (base 12) to base 3
-2100121120
Convert -10001111 (base 2) to base 13.
-b0
-207700 (base 8) to base 2
-10000111111000000
What is 100002 (base 3) in base 5?
1440
Convert 401534 (base 6) to base 14.
b6b8
What is 102640 (base 9) in base 6?
1150313
What is 617 (base 11) in base 14?
3b2
What is 26 (base 15) in base 6?
100
What is -66434 (base 7) in base 12?
-97a5
What is -3745 (base 8) in base 16?
-7e5
7089 (base 10) to base 7
26445
What is -26d8 (base 14) in base 13?
-3173
c061 (base 13) to base 14
98cb
-20112 (base 3) to base 9
-215
What is a89 (base 15) in base 5?
34004
What is -34055 (base 6) in base 16?
-12b3
What is -1100011010 (base 2) in base 12?
-562
-35543 (base 11) to base 3
-2121021102
What is -114333 (base 5) in base 2?
-1000011110111
-6635 (base 15) to base 12
-10642
7ab (base 16) to base 7
5503
111111111 (base 2) to base 3
200221
What is e49b (base 16) in base 2?
1110010010011011
What is 64 (base 13) in base 5?
312
-1021300 (base 4) to base 11
-3601
What is 17733 (base 11) in base 10?
24841
22813 (base 12) to base 11
316a5
What is ee87 (base 16) in base 6?
1150411
Convert 517 (base 14) to base 2.
1111101001
What is -210 (base 14) in base 4?
-12112
-256012 (base 7) to base 15
-e1e1
What is -440343 (base 5) in base 13?
-6b45
What is -170 (base 8) in base 12?
-a0
Convert -11478 (base 9) to base 8.
-17005
f4b (base 16) to base 13
1a22
What is -10211000 (base 3) in base 6?
-20513
What is 4098 (base 13) in base 3?
110020010
What is -618a (base 11) in base 15?
-2670
-1372 (base 13) to base 8
-5355
What is 700 (base 9) in base 4?
20313
19b96 (base 15) to base 3
11020200220
What is df1 (base 16) in base 10?
3569
Convert 23541 (base 6) to base 7.
13021
-2b1b (base 12) to base 4
-1033013
Convert 50 (base 7) to base 13.
29
Convert -874a (base 12) to base 9.
-22374
Convert -10111110010 (base 2) to base 16.
-5f2
-2222222 (base 3) to base 13
-cc2
Convert 1a43 (base 15) to base 12.
3360
What is -9148 (base 11) in base 7?
-50300
What is 12112002 (base 3) in base 6?
30345
Convert -22022020 (base 3) to base 9.
-8266
Convert 111010101111011 (base 2) to base 11.
20661
Convert 3706 (base 9) to base 3.
10210020
-11222 (base 6) to base 10
-1598
What is 1675 (base 9) in base 12?
8ab
Convert -203445 (base 7) to base 14.
-c9cc
12100022 (base 3) to base 7
14234
1076 (base 14) to base 7
11206
What is -3184a (base 11) in base 3?
-2100110221
Convert -335 (base 9) to base 16.
-113
1431 (base 7) to base 5
4221
What is 284 (base 11) in base 9?
411
What is -44b3 (base 14) in base 15?
-37e7
Convert 6305 (base 8) to base 4.
303011
-2000200 (base 3) to base 14
-776
What is 1590 (base 12) in base 8?
4774
12455 (base 13) to base 3
1201020012
4a61 (base 11) to base 4
1213021
What is -427a4 (base 11) in base 10?
-62187
Convert -1001120212 (base 3) to base 8.
-50550
What is -13510 (base 7) in base 6?
-25014
What is -14773 (base 9) in base 7?
-41322
Convert -101010000 (base 2) to base 6.
-1320
What is -113121 (base 4) in base 10?
-1497
-424 (base 13) to base 5
-10311
-6509 (base 10) to base 11
-4988
1a025 (base 11) to base 9
42336
20b (base 14) to base 2
110010011
-1105 (base 10) to base 8
-2121
187 (base 15) to base 8
540
What is 134 (base 10) in base 15?
8e
What is -218a4 (base 11) in base 16?
-7bcf
Convert 1220123 (base 4) to base 3.
100011112
-25111 (base 6) to base 14
-14d5
What is 4158 (base 11) in base 6?
41300
Convert 641 (base 13) to base 7.
3053
What is -1b8b (base 14) in base 9?
-6801
Convert -110100110011001 (base 2) to base 7.
-141546
Convert 54b (base 14) to base 4.
100113
401423 (base 5) to base 8
30702
49a (base 12) to base 3
221201
What is 222 (base 9) in base 12?
132
What is -1135 (base 7) in base 15?
-1cd
Convert 11212021 (base 3) to base 12.
2074
Convert -2220222 (base 3) to base 8.
-4124
-34012 (base 5) to base 10
-2382
4c93 (base 13) to base 5
322221
2c8 (base 15) to base 7
1601
101022 (base 3) to base 8
426
Convert -447 (base 11) to base 15.
-25a
4b5 (base 12) to base 2
1011001001
978 (base 10) to base 7
2565
What is 461 (base 11) in base 8?
1047
Convert -11121200 (base 3) to base 2.
-110100100110
What is -7632 (base 10) in base 2?
-1110111010000
Convert -21002212 (base 3) to base 7.
-21050
What is 110032 (base 7) in base 9?
28337
Convert -10145 (base 6) to base 13.
-809
Convert -5423 (base 9) to base 8.
-7626
Convert -753 (base 8) to base 3.
-200012
-11 (base 4) to base 2
-101
Convert -5455 (base 10) to base 2.
-1010101001111
What is -221636 (base 7) in base 9?
-58542
16122 (base 7) to base 4
1012230
Convert 38de (base 15) to base 7.
50243
What is -1101110000100 (base 2) in base 14?
-27d2
1303 (base 4) to base 10
115
What is -12236 (base 8) in base 16?
-149e
What is 3d83 (base 15) in base 10?
13173
Convert -449 (base 10) to base 7.
-1211
What is 673 (base 9) in base 5?
4202
12376 (base 8) to base 11
4046
-1605a (base 11) to base 12
-11170
Convert 313322 (base 5) to base 9.
15314
What is 2712 (base 12) in base 14?
18bc
What is 2860 (base 10) in base 16?
b2c
Convert -2121 (base 4) to base 12.
-109
27 (base 10) to base 5
102
What is -b77 (base 12) in base 8?
-3213
What is -15651 (base 7) in base 9?
-6080
-3343 (base 5) to base 11
-3a0
11002 (base 4) to base 3
102221
Convert -150050 (base 6) to base 5.
-424121
345b (base 12) to base 5
141311
What is -1222 (base 13) in base 6?
-15511
Convert -ea7 (base 15) to base 3.
-11112111
-114533 (base 8) to base 4
-21211123
What is 14201 (base 5) in base 11?
97a
110111111110 (base 2) to base 14
143c
-10200122 (base 3) to base 15
-be5
What is 6e3 (base 15) in base 7?
4362
What is -13383 (base 11) in base 16?
-4a90
Convert -12352 (base 7) to base 16.
-cc7
What is -2535 (base 7) in base 5?
-12312
What is -1250 (base 7) in base 14?
-260
Convert 59d (base 16) to base 5.
21222
Convert -265 (base 16) to base 12.
-431
What is -e29 (base 15) in base 10?
-3189
-57a (base 14) to base 9
-1438
-4a4 (base 11) to base 2
-1001010110
-14111 (base 10) to base 7
-56066
Convert -101020 (base 4) to base 7.
-3124
-2173 (base 8) to base 5
-14042
557c (base 16) to base 13
9c65
2144 (base 6) to base 12
354
What is -cf11 (base 16) in base 15?
-10a8e
What is 675 (base 16) in base 13?
9a2
-5425 (base 6) to base 2
-10011011001
431224 (base 5) to base 16
38e4
Convert 1ca (base 13) to base 9.
412
-56601 (base 8) to base 13
-ab84
Convert -1021220222 (base 3) to base 13.
-b786
What is 46433 (base 10) in base 12?
22a55
1056 (base 12) to base 10
1794
-282 (base 13) to base 14
-23a
5670 (base 9) to base 4
1001202
What is -11911 (base 12) in base 5?
-1230043
Convert -44001 (base 6) to base 4.
-1132201
Convert -200200202 (base 3) to base 16.
-353c
What is 182 (base 13) in base 7?
542
Convert -1362 (base 8) to base 4.
-23302
What is -105 (base 12) in base 7?
-302
-100000110100 (